 w?
8
Suppose j - 8 = 5*c - 32, 5*c = -3*j + 28. Suppose 3*t + 36 = 2*h, -c*h - 2*t + 15 = -75. Suppose -2*d + 26 = -h. What is the remainder when d is divided by 8?
6
Let h(d) = -5*d - 1. Let o be h(-2). Suppose o = 4*y - 47. Calculate the remainder when y is divided by 3 + (-20)/(-8)*2.
6
Suppose -5*b + 2*d = -459, 5*b - 10*d - 468 = -11*d. Let r = -14 - -38. Calculate the remainder when b is divided by r.
21
Suppose 5*b - 81 + 351 = 0. Let k = -37 - b. What is the remainder when 32 is divided by k?
15
Let d(x) = -x**2 + 6*x + 4. Let a be d(6). Suppose 5*g - 5*u - 120 = 0, -2*g = -5*g - a*u + 51. Calculate the remainder when 81 is divided by g.
18
Let q(k) = -k**2 - 13*k - 16. Let y be q(-12). What is the remainder when 53 is divided by (-135)/3*y/10?
17
Suppose 4*q - 156 = -0*q. Calculate the remainder when q is divided by 20.
19
Suppose 2*v + v - 6 = 0. Suppose v*j - j + 2 = 0. Let z = j + 9. What is the remainder when 18 is divided by z?
4
Suppose 146 = 5*k + j, 3*j - 5 + 77 = 2*k. Calculate the remainder when k is divided by 8.
6
Suppose -d + p = -14, -4*d + 3*p = -48 - 12. What is the remainder when (26*(-2 - -1))/((-6)/12) is divided by d?
16
Let x(h) = 6*h - 9. What is the remainder when x(19) is divided by 53?
52
Let d = 1 - 1. Suppose d*i + 82 = 2*i. Suppose -3*q = w + w - 31, 11 = w - 3*q. What is the remainder when i is divided by w?
13
Let j be 1/2*6/1. Calculate the remainder when 195/6 + j/(-6) is divided by 11.
10
Suppose 0*w + 5 = w, -3*w + 18 = -3*v. Let o(f) = -22*f - 1. Calculate the remainder when 82 is divided by o(v).
19
Suppose 170 = 3*n - 2*q, 0 = -5*n + 4*q + 2 + 284. What is the remainder when n is divided by 19?
16
Suppose -4*x - 152 = 52. Suppose 4*z - q - 101 = 0, -3*z - 2*z - 4*q = -100. Calculate the remainder when z is divided by 4/16 + x/(-4).
11
Suppose -c - 14 - 3 = -l, 5*l - 69 = -3*c. Suppose -h = 0, -2*x - 5*h - 18 = -4*x. Calculate the remainder when l is divided by x.
6
Let q(c) = 24*c**2 + 2*c - 1. Let u be q(1). Let h = -15 + u. Suppose h + 15 = y. Calculate the remainder when 49 is divided by y.
24
Suppose 0*w = -5*w. Suppose 4*z = 4*u - 56, -4*u = -w*z + 3*z - 35. What is the remainder when 20 is divided by u?
9
Suppose 0 = -6*j + 3*j + 24. What is the remainder when (92/(-6))/((-4)/6) is divided by j*-1*(-3 - -2)?
7
Let z(t) = -t**2 - t - 1. Let d(b) = -b**2 + 8*b - 16. Let h(w) = d(w) - 3*z(w). What is the remainder when h(-9) is divided by 17?
16
Let v = 139 - 85. Calculate the remainder when v is divided by 14.
12
Suppose -k - 57 = -4*k - y, -k + 26 = -2*y. What is the remainder when 67 is divided by k?
7
Suppose 2*j + 2*j = -3*l + 80, -5*j - l = -89. What is the remainder when j is divided by -1 + 1 - (-7 + 1)?
5
Let n(z) = -z**2 + 3*z + 3. Let s be n(5). Let g = -4 - s. Suppose -g*m = -i + 23, 38 + 88 = 4*i + 5*m. What is the remainder when i is divided by 10?
9
Suppose 2*l + 3*l + k = 70, -k = -l + 8. Suppose -54 - 131 = -5*p. Calculate the remainder when p is divided by l.
11
Let v = 39 - 16. Let m = 36 - 23. Calculate the remainder when v is divided by m.
10
Calculate the remainder when (0 + 1)*(0 + 3) is divided by 1.
0
Suppose -4*w + 2*b + 9 = -11, w = -2*b + 15. What is the remainder when 12 is divided by w?
5
Suppose 4*r = 163 - 7. Calculate the remainder when 153 is divided by r.
36
Let l be (8/(-6))/(9/(-162)). Suppose 2*p = -5*y + l, y - 6*y = 4*p - 38. Calculate the remainder when 26 is divided by p.
5
Let g(v) = 4*v**2 - 3*v - 3. What is the remainder when g(5) is divided by 21?
19
Let d(h) = 29*h**3 - 2*h + 2. Calculate the remainder when d(1) is divided by 16.
13
Suppose 46*w - 43*w - 9 = 0. Let s = 25 - 18. Calculate the remainder when s is divided by w.
1
Let x(i) be the third derivative of -i**6/15 + i**5/60 + i**4/24 + 4*i**2. Let f = 7 + 15. What is the remainder when f is divided by x(-1)?
6
Let m(i) = 2*i**3 - 6*i**2 + 3*i - 1. Suppose -z = 4*c - 77, -5*z - 49 = -2*c - 2*z. Let k = -5 + c. What is the remainder when m(4) is divided by k?
13
Let o = 20 + -7. Let t = -9 - -13. Suppose 0 = t*q + 4 - 16, -2*f + 113 = 5*q. What is the remainder when f is divided by o?
10
What is the remainder when ((-522)/15)/(16/(-40)) is divided by 5?
2
Suppose 0*z + 3*z = -15. Let a be ((-2)/z)/(2/10). Suppose 30 = a*x + x. What is the remainder when 29 is divided by x?
9
Let p(d) = -7*d - 4. Let k be (-2 - (-1 - -5)) + 2. Let v be p(k). Suppose -3*w = -v + 6. Calculate the remainder when w is divided by 4.
2
Let h(b) = -b**3 + b**2 - 3*b + 2. Let i be h(5). Let m = i - -159. Calculate the remainder when m is divided by 16.
14
Suppose -106 = -5*q + 14. What is the remainder when 93 is divided by q?
21
Suppose 2*q + 3 - 35 = 0. Calculate the remainder when 59 is divided by (-2)/(-4) - (-312)/q.
19
Suppose 0 = 2*k + 4 - 10. Suppose -v = -4, 2*v + k*v - 27 = -a. Suppose f = -3*f + 52. What is the remainder when f is divided by a?
6
Let g(n) = 5*n - 8. Suppose 2*q - 5*s - 30 = 0, 5*q - 2 - 7 = -4*s. Calculate the remainder when 33 is divided by g(q).
16
Let h = 23 + -8. Calculate the remainder when h is divided by 7.
1
Let r(i) = 6*i - 1. Let o be r(1). Suppose -48 = -3*h + 3*d, o*h = -6*d + 4*d + 87. Calculate the remainder when h is divided by 9.
8
Let w be (-55)/(-3) - (-3)/(-9). Let q = 31 - w. Let p(u) = u**2 + 13*u - 10. What is the remainder when p(-16) is divided by q?
12
Suppose 2*b - 52 = p + 3*p, -4*p = -20. Calculate the remainder when b is divided by 10.
6
Suppose 5 = 2*l - 7. Let t be 4/(2/(-1))*-3. Suppose -2*m = -t*m + 44. What is the remainder when m is divided by l?
5
Let y(v) = -v**3 + 12*v**2 - 11*v + 6. What is the remainder when y(11) is divided by 3?
0
Let f = 4 - 18. Let w = 24 + f. Calculate the remainder when 18 is divided by w.
8
Let f(o) = o**3 + 3*o**2 - 4*o + 1. Let g(v) = -v**3 + 5*v**2 - 3*v - 3. Calculate the remainder when g(4) is divided by f(-4).
0
Let a(q) = -q**3 - 10*q**2 + 12*q + 12. Let c be a(-11). Calculate the remainder when 32 is divided by c - -19 - (-1 - -4).
15
Let h be (-9)/(6 - 3) - -3. Suppose 0 = 2*v - h*v - 50. Calculate the remainder when v is divided by 7.
4
Suppose m - 121 = 123. Calculate the remainder when m is divided by 35.
34
Let s(d) = 2*d**2 - 3 - 1 - 5*d + 0*d**2 + 0*d**2. What is the remainder when s(5) is divided by 12?
9
Suppose 30 + 285 = -5*h. Calculate the remainder when 2*3*h/(-14) is divided by 7.
6
Suppose 5*a + 3*k - 2 = 14, -4 = -2*a - 2*k. Suppose a*g + 0*g - 25 = 0. Suppose 5*r - 21 = 44. What is the remainder when r is divided by g?
3
Suppose 0*i = -4*i + 24. Let w = -4 + i. Suppose 5*m = -2*v + 12, -10 = m - 6*m. Calculate the remainder when w is divided by v.
0
Let p = 1 - 1. Let h(k) = k**2 + k + 3. Calculate the remainder when h(4) is divided by -2*(p - (-2 + 8)).
11
Let i(b) = 18*b - 10. Calculate the remainder when i(2) is divided by 11.
4
Suppose -4*l + 7*r - 2*r + 501 = 0, 4*r + 128 = l. What is the remainder when l is divided by 42?
40
Let p(g) = -21*g + 9. Let m be p(-4). Calculate the remainder when 75 is divided by (-2)/(-5) - m/(-5).
18
Let d = 9 - 2. Suppose 4*p + 32 = -4*c, 2*p + 4 = -3*c + 4*c. Let f(n) = -n**3 - 2*n**2 + 3*n. Calculate the remainder when f(c) is divided by d.
6
Let z be 0 - (-2)/((-4)/30). Let n = z + 25. Let k = n + -5. What is the remainder when 9 is divided by k?
4
Let t = 17 - 3. Let c(r) = 4*r**3 - 3*r**2 + 4*r - 3. Calculate the remainder when c(2) is divided by t.
11
Suppose -2 = 2*o - 8. Suppose -4*w = -o*g - 120, w - 3*g - 18 = 12. Calculate the remainder when w is divided by 11.
8
Suppose -2*r - 3 = -4*z + 7, 11 = 2*z - 3*r. Suppose 3*s = a + 28, -a + 5*s - z - 27 = 0. Let y = -12 - a. What is the remainder when y is divided by 9?
7
Suppose 3*t + 25 = -11. Let u be 1/(3/t) - -1. Let c = 9 + u. Calculate the remainder when c is divided by 4.
2
Suppose 0 = -y - 0*y. Suppose 12 = 3*t - y*t. What is the remainder when 10 is divided by t?
2
Calculate the remainder when (-1881)/(-15) + -6 - (-4)/(-10) is divided by 41.
37
What is the remainder when 31 is divided by (14/(-8))/(7/(-28))?
3
Let f(x) = x**3 - 7*x**2 + 7*x + 5. Let r = -6 - -16. Let s = -4 + r. Calculate the remainder when f(s) is divided by 4.
3
Let x(t) = -t + 26. Calculate the remainder when 116 is divided by x